of w?
4
Let i = 29903 - 20147. What is the units digit of i?
6
Suppose 0 = -40*y + 21*y + 220381. What is the tens digit of y?
9
Suppose -5*j + 7290 = 3*i, 3*i - 2*j - 7290 = -0*j. Suppose -i = -3*u - 5*l, -5*u + 9*l + 4069 = 11*l. What is the hundreds digit of u?
8
Let i(g) = 2*g**2 + g - 2. Suppose 3*p = 5*s + 13, 0 = 4*s + p + 9 - 2. Let d be i(s). What is the units digit of (d - 8/6)*36?
6
Suppose -117*q - 770 = -119*q. Suppose -1655 = 6*i + q. Let h = -206 - i. What is the units digit of h?
4
Suppose -33*d + 38*d = 4*l + 120905, d - 24165 = 4*l. What is the tens digit of d?
8
Let b be -306 + 2/(-1) + -3. Let y = -250 - b. What is the tens digit of y?
6
Suppose 0*y = 2*y + 3*i - 78, 4*y - 156 = 5*i. Suppose -n = 4*j - 117 - 228, -2*n - 441 = -5*j. Suppose -y - j = -3*x. What is the tens digit of x?
4
Suppose 2*t + 4*l = 3*t - 189, 4*l - 157 = -t. Suppose -2*q + t - 9 = 0. Suppose 86*r = q*r + 344. What is the units digit of r?
6
Let n = -60 - -72. Suppose -10*i + 6*i = -n. Suppose 0 = i*f - 41 - 217. What is the units digit of f?
6
Suppose n - 2*w = -3, -4*n = -7*n + 3*w - 6. What is the units digit of 387*(-4 + -1 + 6) - n?
8
Let b(u) = 20*u - 18. Let d(q) = -q + 1. Suppose 3*n + 2*n = -4*r - 45, 4*r = -2*n - 30. Let a(w) = r*d(w) - b(w). What is the hundreds digit of a(-6)?
1
Let l(j) = -10 + 14*j**2 - 3*j - 2*j**2 + 0*j - 10*j. What is the tens digit of l(-5)?
5
Suppose 16*a - 18*a - 172 = 0. Let q = a - -93. What is the units digit of (-4)/14 + -3 + 128/q?
5
Suppose 4*a + 2572 = -4*h - 0*h, 0 = -4*a - 3*h - 2574. Let o be 3 - (-65)/(-35) - (-2)/(-14). What is the units digit of o - a/10*(-8)/(-3)?
3
Suppose 35*b - 128552 - 423109 - 393164 = 0. What is the units digit of b?
5
Let s(p) = p**3 - 8*p**2 + 2*p + 268. Suppose -9 = -3*b, j - 6 = -0*j - 2*b. What is the hundreds digit of s(j)?
2
Let j = 18 - 16. Let k(r) = 2 - j + 2 - 3 - 70*r. What is the units digit of k(-1)?
9
Suppose -514724 = -4330*s + 4302*s. What is the tens digit of s?
8
Let i(n) = 60*n**2 + 5*n + 4. Let v be i(-1). Let h = v + -56. Suppose 0 = -h*p + r + 326, 5*p + 4*r = 156 + 376. What is the tens digit of p?
0
Let x(k) = 5*k + 11. Let v be x(0). Suppose 124 + v = 15*n. What is the units digit of n?
9
Let j(u) = -2*u**3 - 92*u**2 + 94*u + 2. Let y be j(-47). Suppose -2*p + x = -2501, 2*p - 1558 = y*x + 948. What is the hundreds digit of p?
2
Let b(r) = -32*r - 85. Let n be b(-3). Suppose 14240 = n*q + 3350. What is the units digit of q?
0
Suppose -42 = 2818*w - 2816*w. What is the hundreds digit of -7 - (w/(-3) + -836)?
8
Suppose -45*h - 30*h + 230454 = 51*h. What is the tens digit of h?
2
Suppose 8*t - 59004 - 43515 - 673 = 0. What is the tens digit of t?
9
Let v be (-2 - 438/15)/(46/(-34845)). What is the tens digit of 1/34*-4 + v/34?
9
Let q = -248 - -503. Suppose -2*r + 7541 = 5*h, -2*h + 4*r = -q - 2747. What is the units digit of h?
7
What is the tens digit of 36 + (-5918)/165 - (2568292/15)/(-4)?
0
Suppose -6*j = -26*j + 69560. What is the thousands digit of j?
3
Let m = 12500 + -7108. What is the hundreds digit of m?
3
Suppose 0 = -13*u + 12*u + 115. Suppose -2*c - m + u = 0, 2*m = 4*c - 196 - 14. What is the units digit of c?
5
Suppose 0 = -2*x - 5*q + 67901, -16 + 2 = -2*q. What is the units digit of x?
3
Let x(q) = 14*q - 15. Let d be x(3). Let z = d - 12. What is the hundreds digit of 20/z*-11*(-10 + 1)?
1
Suppose -3*w + 5*w - s - 30457 = 0, 2*w = 5*s + 30477. What is the units digit of (w/(-12))/(-1) - (-119)/714?
9
Let m(b) be the first derivative of b**2 + 5*b - 3. Let i be m(-6). Let r = 67 - i. What is the tens digit of r?
7
Let x be 436436/638 + 4/(-58). Let n = x + -508. What is the hundreds digit of n?
1
Let y be (-3 - 2*-5)*(-6)/7. What is the tens digit of (-1576)/(-3)*(-7 + (-51)/y)?
8
Suppose t - 58 = 3*b, 11 - 41 = b - 3*t. Let j(y) = -y**3 - 12*y**2 + 39*y + 31. What is the tens digit of j(b)?
7
Let n(b) = -730*b - 358. What is the units digit of n(-8)?
2
Let d(k) = k**3 - 2*k**2 + 174*k + 21. What is the tens digit of d(20)?
0
What is the thousands digit of (-4)/14 - (0 + (-114640)/28)?
4
Suppose 526*z - 735 = 519*z. Let q be -1 + 3 + (3 - -172). Let o = q - z. What is the tens digit of o?
7
Let l(m) = -1 - 8*m + m**3 + 7*m**2 + 6*m**2 - 2*m**2 - 2. Let u(k) = -4*k**2 + 6*k - 7. Let x be u(2). What is the units digit of l(x)?
5
Let y = -1500 + 3238. What is the units digit of y?
8
Suppose 1564181 - 4570755 = -142*z + 3166592. What is the thousands digit of z?
3
Let u(z) = z**3 - 3*z**2 + 6*z - 5. Let m be u(2). Suppose m + 11 = 14*h. What is the units digit of (h + 0)/((-7)/(-259))?
7
Let y = 176 + -142. Suppose 22*p = y*p - 1032. What is the tens digit of p?
8
Suppose 0 = 48*k - 403*k + 8329720. What is the ten thousands digit of k?
2
Let q(s) = s**2 + s - 6. Let o be q(5). Let t be (o/(-10))/((-17)/1105). What is the units digit of 13 - 16 - t/(-2)?
5
Let s be (224/(-24) + 8)/((-6)/(-3789)). Let b = -367 - s. What is the units digit of b?
5
Let f be ((-4)/12 - 0)/((-1)/15). Let g = f + 1284. What is the units digit of g?
9
Let i = 448 - 286. Suppose -k - s + 77 = 0, 2*s + 0*s + i = 2*k. Suppose -a - 415 = -6*a - 5*c, a - k = 3*c. What is the units digit of a?
2
Let d be 2/5 + ((-360)/25)/(-4). Let t be ((-1253)/(-2))/7 + (-2)/d. What is the tens digit of -3 + 20/(-5) + t?
8
What is the hundreds digit of (467940/726)/((-1)/(-11))?
0
Let o(a) = 191 + 50*a - 61 + 164*a. What is the units digit of o(6)?
4
Let b be 4 - (26 - (-3 - (-4 + -1))). What is the tens digit of (95225/b)/(-13) + (-3)/12?
6
What is the hundreds digit of -5 - -195*1411/51?
3
Let r = 219 - 206. Suppose 0 = -23*i + r*i + 3460. What is the hundreds digit of i?
3
Suppose -5197 = -19*w - 1568. Suppose 2*h - 2 = h. Suppose w = h*o - 85. What is the hundreds digit of o?
1
Let v(l) = l**3 - 22*l**2 + 7*l - 18. Let m be 1*(0 - (3 + -3)) - -3. Suppose 65 = -2*x + 5*x + b, -5*x - m*b + 107 = 0. What is the tens digit of v(x)?
3
Let p(k) = -k**3 - 11*k**2 - 10*k - 1. Let t be 6/(-4)*(-40)/(-6). Let g be p(t). What is the units digit of 9*g*2/(-1)?
8
Let x = 103 - 91. Let p be (-181)/(-2) + -2 + (-6)/x. Suppose f - p = -5*b - 11, 3*b - 267 = -3*f. What is the units digit of f?
2
Suppose 5531 = y + 5*l - 6934, -2*y = -3*l - 24852. What is the ten thousands digit of y?
1
Suppose -4268 = 57*i - 61*i. What is the thousands digit of -2 - (-5 - i) - (0 - 2)?
1
Let w(y) = 2491*y**3 + y**2 - 14*y + 40. What is the thousands digit of w(2)?
9
What is the ten thousands digit of 2/(-15) + ((-432380)/(-375))/((-4)/(-40))?
1
Suppose -6944 - 7231 = -25*r. Let i = 560 + r. What is the tens digit of i?
2
Let u(n) = -5*n. Let h(o) = -38*o + 181. Let l(q) = h(q) - 6*u(q). What is the tens digit of l(0)?
8
Let i = -98 - -98. Suppose 0 = j - 2*j + 5, 4*h + 4*j - 1092 = i. What is the hundreds digit of h?
2
Suppose 20*k + 60*k = 720. Let j(s) be the first derivative of s**4/4 - 10*s**3/3 + 6*s**2 - 13*s - 1. What is the tens digit of j(k)?
1
Let c(d) = -d + 1. Let i be c(0). Let x be (1 - -148) + (i - -1). Suppose 0 = 5*t + 2*o - 156 - 212, -2*t + 3*o + x = 0. What is the units digit of t?
4
Suppose 36 + 24 = 10*u. Suppose -r = u*r - 4333. What is the tens digit of r?
1
Let b = 82307 - 44607. What is the thousands digit of b?
7
Let v(r) = 28*r - 13. Let t be v(-2). Let y be (-1173)/t + (-1)/((-1)/(-2)). Let q(n) = 7*n - 10. What is the tens digit of q(y)?
9
Let w(v) = v**3 + 5*v**2 - 4*v + 5. Let u be w(-6). Let b be u + -49 - (4 - 2). Let x = b + 85. What is the units digit of x?
7
Let b = 29715 - -18419. What is the units digit of b?
4
Let n = -110 - -201. Let j be 0/14 - (-46)/2. Let t = n - j. What is the tens digit of t?
6
Let a be ((-2)/(-6))/(3/18 + 0). Suppose 17 = a*y - 3. Suppose -i = -2*i + y. What is the units digit of i?
0
Suppose -11*x + 63 = -2*x. Let n(l) = 8*l**2 - 15*l + 38. What is the tens digit of n(x)?
2
Suppose -1388 = 5*r - 4*a, 4*a = -2*r - 316 - 228. Let w = -81 - r. Suppose -5*p = c - 4*c + 580, c - 2*p = w. What is the tens digit of c?
8
Let a = -22994 - -29990. What is the hundreds digit of a?
9
Let n = 512 + -511. What is the units digit of -6*(1544/(-16) + n)?
3
Suppose 257 = -6*l + 5. Let o = l + 43. Let d(p) = p + 2. What is the units digit of d(o)?
3
Suppose 41*r = 2